{"id":1448,"date":"2018-10-26T16:15:50","date_gmt":"2018-10-26T14:15:50","guid":{"rendered":"https:\/\/www.dasharfenduo.de\/wordpress\/?page_id=1448"},"modified":"2018-10-27T15:13:46","modified_gmt":"2018-10-27T13:13:46","slug":"nutzungsbedingungen","status":"publish","type":"page","link":"https:\/\/www.dasharfenduo.de\/wordpress\/nutzungsbedingungen\/","title":{"rendered":"Nutzungsbedingungen"},"content":{"rendered":"<h1>Nutzungsbedingungen<\/h1>\n<p><strong>\u00a7 1 Geltungsbereich<\/strong><\/p>\n<p>F\u00fcr die Nutzung der Kommentarfunktion auf der Seite <a href=\"https:\/\/www.dasharfenduo.de\">https:\/\/www.dasharfenduo.de<\/a> und allen Unterseiten vom Harfenduo Laura Oetzel &amp; Daniel Mattel\u00e9 (nachfolgend \u201eAnbieter\u201c genannt) gelten nachfolgende Bedingungen.<\/p>\n<p>Die Nutzung ist nur zul\u00e4ssig, wenn Sie als Nutzer diese Nutzungsbedingungen akzeptieren.<\/p>\n<p><strong>\u00a7 2 Registrierung, Vertragsschluss und -gegenstand<\/strong><\/p>\n<p>1. F\u00fcr die Nutzung der Kommentarfunktion ist keine Registrierung erforderlich. Mit dem Absenden eines Kommentars kommt der unentgeltliche Nutzungsvertrag zustande (Vertragsschluss).<\/p>\n<p>2. Vertragsgegenstand ist die kostenlose Nutzung der Kommentarfunktionen des Blogs als Online-Kommunikationsplattform. Hierzu wird Ihnen als Nutzer ein Eingabeformular bereitgestellt, mit dem Sie Kommentare im Blog unter den jeweiligen Artikeln einstellen k\u00f6nnen.<\/p>\n<p>3. Es gibt grunds\u00e4tzlich keinen Rechtsanspruch auf Freischaltung der Kommentare durch den Anbieter. Es gilt das uneingeschr\u00e4nkte Hausrecht des Betreibers.<\/p>\n<p>4. Die Verwendung von markenrechtlich gesch\u00fctzten Worten und Internetadressen als Benutzername (Nickname) sind nicht erlaubt.<\/p>\n<p>5. Der Anbieter wird sich bem\u00fchen, den Dienst m\u00f6glichst unterbrechungsfrei zum Abruf anzubieten. Auch bei aller Sorgfalt k\u00f6nnen Ausfallzeiten nicht ausgeschlossen werden, in denen die Webserver auf Grund von technischen oder sonstigen Problemen, die nicht im Einflussbereich vom Anbieter liegen (Verschulden Dritter, h\u00f6here Gewalt, Angriffe gegen die Infrastruktur durch Hacker etc.), \u00fcber das Internet nicht abrufbar ist. Der Nutzer erkennt an, dass eine 100%ige Verf\u00fcgbarkeit der Website technisch nicht zu realisieren ist.<\/p>\n<p>6. Der Anbieter beh\u00e4lt sich das Recht vor, Inhalt und Struktur der Plattform sowie die dazugeh\u00f6rigen Benutzeroberfl\u00e4chen zu \u00e4ndern und zu erweitern, wenn hierdurch die Zweckerf\u00fcllung des mit dem Nutzer geschlossenen Vertrags nicht oder nur unerheblich beeintr\u00e4chtigt wird. Der Anbieter wird die Nutzer entsprechend \u00fcber die \u00c4nderungen informieren.<\/p>\n<p>7. Sinn und Zweck der Kommentarfunktion ist ein an die \u00d6ffentlichkeit gerichteter \u201eMarkt der Meinungen\u201c. Es soll daher unter den Nutzern ein friedlicher und respektvoller Umgang ohne beleidigende Anfeindungen gepflegt werden.<\/p>\n<p><strong>\u00a7 3 Pflichten als Nutzer der Kommentarfunktion<br \/>\n<\/strong><\/p>\n<p>1. Als Nutzer verpflichten Sie sich, dass Sie keine Kommentare verfassen werden, die gegen diese Regeln, die guten Sitten oder sonst gegen geltendes deutsches Recht versto\u00dfen. Es ist Ihnen insbesondere untersagt,<\/p>\n<ul>\n<li>beleidigende oder unwahre Inhalte zu ver\u00f6ffentlichen;<\/li>\n<li>Spam \u00fcber das System an andere Nutzer zu versenden;<\/li>\n<li>gesetzlich, insbesondere durch das Urheber- und Markenrecht, gesch\u00fctzte Inhalte ohne Berechtigung zu verwenden;<\/li>\n<li>wettbewerbswidrige Handlungen vorzunehmen;<\/li>\n<li>Ihren Kommentar mehrfach einzustellen (Verbot von Doppelpostings);<\/li>\n<li>Presseartikel Dritter ohne Zustimmung des Urhebers in Ihrem Kommentar zu ver\u00f6ffentlichen;<\/li>\n<li>Kommentare unter Angabe einer fremden Email-Adresse oder eines fremden Namens zu verfassen, wenn damit anderen Personen oder Nutzern gezielt Aussagen untergeschoben werden sollen (Verletzung des Pers\u00f6nlichkeitsrechts) oder eigene, fr\u00fchere Kommentare untermauert werden sollen (sog. \u201eSockenpuppen\u201c-Kommentare);<\/li>\n<li>Werbung \u00fcber die Kommentarfunktion ohne ausdr\u00fcckliche schriftliche Genehmigung durch den Anbieter zu betreiben. Dies gilt auch f\u00fcr sog. Schleichwerbung wie insbesondere das Verlinken der eigenen Homepage mit oder ohne Beitext innerhalb von Kommentaren. Homepage-URLs und Adress- bzw. Kontaktdaten d\u00fcrfen nur \u00fcber die daf\u00fcr vorgesehenen Eingabefelder ver\u00f6ffentlicht werden.<\/li>\n<\/ul>\n<p>2. Als Nutzer verpflichten Sie sich, vor dem Absenden Ihrer Kommentare diese daraufhin zu \u00fcberpr\u00fcfen, ob diese Angaben enthalten, die Sie nicht ver\u00f6ffentlichen m\u00f6chten. Ihre Kommentare k\u00f6nnen in Suchmaschinen erfasst und damit weltweit zugreifbar werden. Ein Anspruch auf L\u00f6schung oder Korrektur solcher Suchmaschineneintr\u00e4ge gegen\u00fcber dem Anbieter ist ausgeschlossen.<\/p>\n<p>3. Beim Versto\u00df, insbesondere gegen die zuvor genannten Regeln \u00a7 3 Abs. 1 und 2, kann der Anbieter unabh\u00e4ngig von einer K\u00fcndigung, auch die folgenden Sanktionen gegen den Nutzer verh\u00e4ngen:<\/p>\n<ul>\n<li>L\u00f6schung oder Ab\u00e4nderung von Inhalten, die der Nutzer eingestellt hat,<\/li>\n<li>Ausspruch einer Abmahnung oder<\/li>\n<li>Sperrung des Zugangs zur Kommentarfunktion.<\/li>\n<\/ul>\n<p>4. Der Anbieter ist auch berechtigt, Ihnen als Nutzer den Zugang zur Online-Plattform zu sperren, falls ein hinreichender Verdacht besteht, dass Sie gegen diese Nutzungsbedingungen versto\u00dfen haben. Sie k\u00f6nnen diese Ma\u00dfnahmen abwenden, wenn Sie den Verdacht durch Vorlage geeigneter Nachweise auf eigene Kosten ausr\u00e4umen.<\/p>\n<p>5. Sollten Dritte oder andere Nutzer den Anbieter wegen m\u00f6glicher Rechtsverst\u00f6\u00dfe in Anspruch nehmen, die a) aus den von Ihnen als Nutzer eingestellten Inhalten resultieren und\/oder b) aus der Nutzung der Dienste des Anbieters durch Sie als Nutzer entstehen, verpflichten Sie sich als Nutzer, den Anbieter von jeglichen Anspr\u00fcchen, einschlie\u00dflich Schadensersatzanspr\u00fcchen, freizustellen und dem Anbieter die Kosten zu ersetzen, die diesem wegen der m\u00f6glichen Rechtsverletzung entstehen. Der Anbieter wird insbesondere von den Kosten der notwendigen Rechtsverteidigung freigestellt. Der Anbieter ist berechtigt, hierf\u00fcr von Ihnen als Nutzer einen angemessenen Vorschuss zu fordern. Als Nutzer sind Sie verpflichtet, den Anbieter nach Treu und Glauben mit Informationen und Unterlagen bei der Rechtsverteidigung gegen\u00fcber Dritten zu unterst\u00fctzen. Alle weitergehenden Rechte sowie Schadensersatzanspr\u00fcche des Anbieters bleiben unber\u00fchrt. Wenn Sie als Nutzer die m\u00f6gliche Rechtsverletzung nicht zu vertreten haben, bestehen die zuvor genannten Pflichten nicht.<\/p>\n<p><strong>\u00a7 4 \u00dcbertragung von Nutzungsrechten<\/strong><\/p>\n<p>1. Das Urheberrecht f\u00fcr Ihre Kommentare, soweit diese urheberrechtsschutzf\u00e4hig sind, verbleibt grunds\u00e4tzlich bei Ihnen als Nutzer. Sie r\u00e4umen dem Anbieter jedoch mit Einstellung eines Kommentars das Recht ein, den Kommentar dauerhaft auf seinen Webseiten vorzuhalten. Zudem hat der Anbieter das Recht, Ihre Kommentare zu l\u00f6schen, zu bearbeiten oder zu verschieben.<\/p>\n<p>2. Die zuvor genannten Nutzungsrechte bleiben auch im Falle einer K\u00fcndigung dieses Nutzungsvertrags bestehen.<\/p>\n<p>3. Auf dieser Seite ist zum Kommentieren keine Registrierung n\u00f6tig. Es ist daher als Nutzer technisch nicht m\u00f6glich, Kommentare nachtr\u00e4glich zu \u00e4ndern oder zu l\u00f6schen. Wenn Sie doch einmal einen Kommentar \u00e4ndern oder l\u00f6schen lassen wollen, k\u00f6nnen Sie eine Nachricht entweder per Mail oder per Kontaktformular an den Anbieter schicken, in der Sie den entsprechenden Kommentar eindeutig nennen, sowie angeben, was Sie aus welchem Grund \u00e4ndern bzw. l\u00f6schen lassen wollen. Ein Anspruch auf \u00c4nderung bzw. L\u00f6schung besteht nicht, diese erfolgt ausschlie\u00dflich aus Kulanz. Bei anonym verfassten Kommentaren k\u00f6nnen keine \u00c4nderungen bzw. L\u00f6schungen vorgenommen werden, wenn die Urheberschaft nicht eindeutig nachgewiesen wird. Bitte beachten Sie auch, dass Kommentare zwar vom Anbieter gel\u00f6scht werden k\u00f6nnen, diese aber weiterhin in Webarchiven vorhanden sein und ohne gr\u00f6\u00dferen technischen Aufwand von Dritten wieder hergestellt werden k\u00f6nnen.<\/p>\n<p><strong>\u00a7 5 Haftungsbeschr\u00e4nkung<\/strong><\/p>\n<p>1. Der Anbieter \u00fcbernimmt keinerlei Gew\u00e4hr f\u00fcr die eingestellten Inhalte, insbesondere nicht f\u00fcr deren Richtigkeit, Vollst\u00e4ndigkeit und Aktualit\u00e4t.<\/p>\n<p>2. Der Anbieter haftet f\u00fcr Vorsatz und grobe Fahrl\u00e4ssigkeit sowie bei Verletzung einer wesentlichen Vertragspflicht. Wesentliche Vertragspflichten sind solche, deren Erf\u00fcllung die ordnungsgem\u00e4\u00dfe Durchf\u00fchrung des Vertrags \u00fcberhaupt erst erm\u00f6glicht und auf deren Einhaltung der Vertragspartner regelm\u00e4\u00dfig vertrauen darf. Der Anbieter haftet unter Begrenzung auf Ersatz des bei Vertragsschluss vorhersehbaren vertragstypischen Schadens f\u00fcr solche Sch\u00e4den, die auf einer leicht fahrl\u00e4ssigen Verletzung von wesentlichen Vertragspflichten durch ihn oder eines seiner gesetzlichen Vertreter oder Erf\u00fcllungsgehilfen beruhen. Bei leicht fahrl\u00e4ssiger Verletzung von Nebenpflichten, die keine wesentlichen Vertragspflichten sind, haftet der Anbieter nicht. Die Haftung f\u00fcr Sch\u00e4den, die in den Schutzbereich einer vom Anbieter gegebenen Garantie oder Zusicherung fallen sowie die Haftung f\u00fcr Anspr\u00fcche aufgrund des Produkthaftungsgesetzes und Sch\u00e4den aus der Verletzung des Lebens, des K\u00f6rpers oder der Gesundheit bleibt hiervon unber\u00fchrt.<\/p>\n<p><strong>\u00a7 6<\/strong><strong> Laufzeit \/ Beendigung des Vertrags<\/strong><\/p>\n<p>1. Diese Vereinbarung wird auf unbestimmte Zeit geschlossen.<\/p>\n<p>2. Beide Parteien k\u00f6nnen diese Vereinbarung ohne Einhaltung einer Frist k\u00fcndigen.<\/p>\n<p>3. Wenn der Nutzer diesen Nutzungsvertrag k\u00fcndigt, bleiben seine \u00f6ffentlichen \u00c4u\u00dferungen, insbesondere Kommentare, weiterhin f\u00fcr alle Leser sichtbar. Alle anderen Daten werden gel\u00f6scht.<\/p>\n<p><strong>Quelle: <a title=\"Forenregeln\" href=\"https:\/\/www.juraforum.de\/muster-nutzungsbedingungen-forum\/\">Forenregeln Muster<\/a> von <a title=\"Juraforum\" href=\"https:\/\/www.juraforum.de\/\">Juraforum.de<\/a><\/strong><\/p>\n","protected":false},"excerpt":{"rendered":"<p>Nutzungsbedingungen \u00a7 1 Geltungsbereich F\u00fcr die Nutzung der Kommentarfunktion auf der Seite https:\/\/www.dasharfenduo.de und allen Unterseiten vom Harfenduo Laura Oetzel &amp; Daniel Mattel\u00e9 (nachfolgend \u201eAnbieter\u201c genannt) gelten nachfolgende Bedingungen. Die Nutzung ist nur zul\u00e4ssig, wenn Sie als Nutzer diese Nutzungsbedingungen akzeptieren. \u00a7 2 Registrierung, Vertragsschluss und -gegenstand 1. F\u00fcr die<span class=\"excerpt-hellip\"> [\u2026]<\/span><\/p>\n","protected":false},"author":3,"featured_media":0,"parent":0,"menu_order":0,"comment_status":"closed","ping_status":"closed","template":"","meta":{"footnotes":""},"class_list":["post-1448","page","type-page","status-publish","hentry"],"_links":{"self":[{"href":"https:\/\/www.dasharfenduo.de\/wordpress\/wp-json\/wp\/v2\/pages\/1448","targetHints":{"allow":["GET"]}}],"collection":[{"href":"https:\/\/www.dasharfenduo.de\/wordpress\/wp-json\/wp\/v2\/pages"}],"about":[{"href":"https:\/\/www.dasharfenduo.de\/wordpress\/wp-json\/wp\/v2\/types\/page"}],"author":[{"embeddable":true,"href":"https:\/\/www.dasharfenduo.de\/wordpress\/wp-json\/wp\/v2\/users\/3"}],"replies":[{"embeddable":true,"href":"https:\/\/www.dasharfenduo.de\/wordpress\/wp-json\/wp\/v2\/comments?post=1448"}],"version-history":[{"count":6,"href":"https:\/\/www.dasharfenduo.de\/wordpress\/wp-json\/wp\/v2\/pages\/1448\/revisions"}],"predecessor-version":[{"id":1456,"href":"https:\/\/www.dasharfenduo.de\/wordpress\/wp-json\/wp\/v2\/pages\/1448\/revisions\/1456"}],"wp:attachment":[{"href":"https:\/\/www.dasharfenduo.de\/wordpress\/wp-json\/wp\/v2\/media?parent=1448"}],"curies":[{"name":"wp","href":"https:\/\/api.w.org\/{rel}","templated":true}]}}